{"id":1577,"date":"2023-02-11T16:23:32","date_gmt":"2023-02-11T22:23:32","guid":{"rendered":"https:\/\/ateramex.com.mx\/?post_type=product&#038;p=1577"},"modified":"2025-11-19T00:00:48","modified_gmt":"2025-11-19T06:00:48","slug":"doktor-ozono-cvtox-generador-de-ozono-medicinal","status":"publish","type":"product","link":"https:\/\/ateramex.com.mx\/index.php\/producto\/doktor-ozono-cvtox-generador-de-ozono-medicinal\/","title":{"rendered":"Doktor Ozono generador de ozono medicinal"},"content":{"rendered":"<p class=\"font_8\">Doktor Ozono es un generador de ozono medicinal (produce ozono a partir de ox\u00edgeno puro grado m\u00e9dico) con un rango de concentraci\u00f3n variable de salida que va 5 a 60 ug\/cc (gammas) abarcando el rango completo del ozono para fines terap\u00e9uticos y permitiendo su uso en una gran variedad de ozonoterapias. \u200bIncluye un fluj\u00f3metro integrado de alta precisi\u00f3n de 0.1- 1.0 lpm para ajustar finamente las concentraciones.<\/p>\n<p class=\"font_8\">El equipo cuenta con 2 programas de funcionamiento que al ser combinados con diferentes flujos de ox\u00edgeno controlados con un medidor de precisi\u00f3n (en decimas de flujo de 0.1 a 1 ml\/min) se obtiene el rango completo de concentraciones de ozono medicinal: de 5 a 60 ug\/cc (gammas).<\/p>\n<p class=\"font_8\">Su peque\u00f1o tama\u00f1o se debe a mejoras tecnol\u00f3gicas que nos permiten tener altas producciones y concentraciones de ozono con gran eficiencia y sin calentamiento en un espacio muy reducido. Los equipos de la competencia son en lo general mucho m\u00e1s grandes, pesados y caros. Nuestro equipo puede funcionar de manera continua sin descanso ni necesidad de ventilaci\u00f3n o enfriamiento.<\/p>\n<h5 style=\"text-align: center;\"><a href=\"https:\/\/ateramex.com.mx\/index.php\/doktor-ozono-datos-tecnicos\/\">VER DATOS T\u00c9CNICOS<\/a><\/h5>\n","protected":false},"excerpt":{"rendered":"<p>Es un generador de ozono medicinal (produce ozono a partir de ox\u00edgeno puro grado m\u00e9dico) con un rango de concentraci\u00f3n variable de salida que va 2 a 60 ug\/cc (gammas) abarcando el rango completo del ozono para fines terap\u00e9uticos y permitiendo su uso en una gran variedad de ozonoterapias. \u200bIncluye un fluj\u00f3metro integrado de alta precisi\u00f3n de 0.1- 1.0 lpm para ajustar finamente las concentraciones.<\/p>\n","protected":false},"featured_media":3509,"comment_status":"open","ping_status":"closed","template":"","meta":{"om_disable_all_campaigns":false,"_uf_show_specific_survey":0,"_uf_disable_surveys":false,"site-sidebar-layout":"default","site-content-layout":"default","ast-global-header-display":"","ast-main-header-display":"","ast-hfb-above-header-display":"","ast-hfb-below-header-display":"","ast-hfb-mobile-header-display":"","site-post-title":"","ast-breadcrumbs-content":"","ast-featured-img":"","footer-sml-layout":"","theme-transparent-header-meta":"default","adv-header-id-meta":"","stick-header-meta":"","header-above-stick-meta":"","header-main-stick-meta":"","header-below-stick-meta":"","_joinchat":[]},"product_cat":[18],"product_tag":[],"aioseo_notices":[],"_links":{"self":[{"href":"https:\/\/ateramex.com.mx\/index.php\/wp-json\/wp\/v2\/product\/1577"}],"collection":[{"href":"https:\/\/ateramex.com.mx\/index.php\/wp-json\/wp\/v2\/product"}],"about":[{"href":"https:\/\/ateramex.com.mx\/index.php\/wp-json\/wp\/v2\/types\/product"}],"replies":[{"embeddable":true,"href":"https:\/\/ateramex.com.mx\/index.php\/wp-json\/wp\/v2\/comments?post=1577"}],"wp:featuredmedia":[{"embeddable":true,"href":"https:\/\/ateramex.com.mx\/index.php\/wp-json\/wp\/v2\/media\/3509"}],"wp:attachment":[{"href":"https:\/\/ateramex.com.mx\/index.php\/wp-json\/wp\/v2\/media?parent=1577"}],"wp:term":[{"taxonomy":"product_cat","embeddable":true,"href":"https:\/\/ateramex.com.mx\/index.php\/wp-json\/wp\/v2\/product_cat?post=1577"},{"taxonomy":"product_tag","embeddable":true,"href":"https:\/\/ateramex.com.mx\/index.php\/wp-json\/wp\/v2\/product_tag?post=1577"}],"curies":[{"name":"wp","href":"https:\/\/api.w.org\/{rel}","templated":true}]}}