{"id":2496,"date":"2024-07-09T17:37:10","date_gmt":"2024-07-09T23:37:10","guid":{"rendered":"https:\/\/ateramex.com.mx\/?post_type=product&#038;p=2496"},"modified":"2025-12-10T12:22:54","modified_gmt":"2025-12-10T18:22:54","slug":"nariz-electronica-euro3-medicion-del-indice-de-calidad-del-aire","status":"publish","type":"product","link":"https:\/\/ateramex.com.mx\/index.php\/producto\/nariz-electronica-euro3-medicion-del-indice-de-calidad-del-aire\/","title":{"rendered":"Nariz Electr\u00f3nica EURO3 Medici\u00f3n del Indice de Calidad del Aire"},"content":{"rendered":"<p>La Nariz Electr\u00f3nica EURO3 es una unidad que tiene varios sensores para monitorear el ambiente: Sensor de concentraci\u00f3n de ozono, humedad relativa y presi\u00f3n barom\u00e9trica, utiliza el sensor Bosch BME-680 para obtener el \u00cdndice de Calidad de Aire (ICA) en el ambiente. Toda la informaci\u00f3n se puede consultar via Bluetooth bajando la aplicaci\u00f3n <strong>Ateramex Air Guard\u00a0<\/strong>en cualquier dispositivo Android o remotamente con el Display Inteligente Lektor 3. Tiene 2 Leds que cambian de color de acuerdo al ICA y al nivel de O3.<\/p>\n<p><b>\u00bfQu\u00e9 tipos de gases puede detectar la nariz electr\u00f3nica para calcular el \u00cdndice de Calidad del Aire?<\/b><\/p>\n<p>Puede detectar una amplia gama de gases para medir la calidad del aire (ICA) en el cuidado de su salud. Los gases que puede detectar incluyen miles de compuestos org\u00e1nicos vol\u00e1tiles (COV) tales como de pinturas (como formaldeh\u00eddo), lacas, decapantes, productos de limpieza, muebles, equipos de oficina, pegamentos, adhesivos y alcohol entre otros.<\/p>\n<div class=\"elementor-element elementor-element-f43721f elementor-widget elementor-widget-heading\" data-id=\"f43721f\" data-element_type=\"widget\" data-widget_type=\"heading.default\">\n<div class=\"elementor-widget-container\">\n<h2 class=\"elementor-heading-title elementor-size-default\" style=\"text-align: center;\">Datos T\u00e9cnicos<\/h2>\n<\/div>\n<\/div>\n<div class=\"elementor-element elementor-element-5aa1d58 elementor-widget elementor-widget-text-editor\" data-id=\"5aa1d58\" data-element_type=\"widget\" data-widget_type=\"text-editor.default\">\n<div class=\"elementor-widget-container\">\n<p>Voltaje de alimentaci\u00f3n: 12 VDC. Viene incluida una fuente de alimentaci\u00f3n con entrada de 120 o 220 VCA.<\/p>\n<p>Potencia consumida:\u00a0\u00a00.1 W<\/p>\n<p>Distancia de comunicaci\u00f3n Bluetooth: 5 m aprox.<\/p>\n<p>Distancia de comunicaci\u00f3n con Lektor 3: 10 m aprox.<\/p>\n<p>Tama\u00f1o y peso: 11 x 7 x 4 cm; 50 g<\/p>\n<p>Tiene 2 Leds que cambian de color de acuerdo al ICA y al nivel de O3.<\/p>\n<p><strong>Informaci\u00f3n obtenida por EURO3 y mostrada por Lektor 3<\/strong><\/p>\n<p>Concentraci\u00f3n de O3: 0 a 2 ppm resoluci\u00f3n de 0.001 ppm<\/p>\n<p>\u00cdndice de calidad del aire ICA (0 a 500)<\/p>\n<p>CO2 de 0 a 10,000 ppm<\/p>\n<p>Humedad relativa<\/p>\n<p>Presi\u00f3n atmosf\u00e9rica<\/p>\n<p>&nbsp;<\/p>\n<\/div>\n<\/div>\n","protected":false},"excerpt":{"rendered":"<p>La Nariz Electr\u00f3nica EURO3 es una unidad que utiliza el sensor Bosch BME-680 para obtener el \u00cdndice de Calidad de Aire (ICA) en el ambiente. Tiene varios sensores para monitorear el ambiente: Sensor de concentraci\u00f3n de ozono, humedad relativa y presi\u00f3n barom\u00e9trica. La informaci\u00f3n se puede consultar via Bluetooth bajando la aplicaci\u00f3n <strong>Ateramex Air Guard\u00a0<\/strong>en cualquier dispositivo Android.<\/p>\n","protected":false},"featured_media":4155,"comment_status":"open","ping_status":"closed","template":"","meta":{"om_disable_all_campaigns":false,"_uf_show_specific_survey":0,"_uf_disable_surveys":false,"site-sidebar-layout":"default","site-content-layout":"default","ast-global-header-display":"","ast-main-header-display":"","ast-hfb-above-header-display":"","ast-hfb-below-header-display":"","ast-hfb-mobile-header-display":"","site-post-title":"","ast-breadcrumbs-content":"","ast-featured-img":"","footer-sml-layout":"","theme-transparent-header-meta":"default","adv-header-id-meta":"","stick-header-meta":"","header-above-stick-meta":"","header-main-stick-meta":"","header-below-stick-meta":"","_joinchat":[]},"product_cat":[18],"product_tag":[],"aioseo_notices":[],"_links":{"self":[{"href":"https:\/\/ateramex.com.mx\/index.php\/wp-json\/wp\/v2\/product\/2496"}],"collection":[{"href":"https:\/\/ateramex.com.mx\/index.php\/wp-json\/wp\/v2\/product"}],"about":[{"href":"https:\/\/ateramex.com.mx\/index.php\/wp-json\/wp\/v2\/types\/product"}],"replies":[{"embeddable":true,"href":"https:\/\/ateramex.com.mx\/index.php\/wp-json\/wp\/v2\/comments?post=2496"}],"wp:featuredmedia":[{"embeddable":true,"href":"https:\/\/ateramex.com.mx\/index.php\/wp-json\/wp\/v2\/media\/4155"}],"wp:attachment":[{"href":"https:\/\/ateramex.com.mx\/index.php\/wp-json\/wp\/v2\/media?parent=2496"}],"wp:term":[{"taxonomy":"product_cat","embeddable":true,"href":"https:\/\/ateramex.com.mx\/index.php\/wp-json\/wp\/v2\/product_cat?post=2496"},{"taxonomy":"product_tag","embeddable":true,"href":"https:\/\/ateramex.com.mx\/index.php\/wp-json\/wp\/v2\/product_tag?post=2496"}],"curies":[{"name":"wp","href":"https:\/\/api.w.org\/{rel}","templated":true}]}}